f - 7859, -f + 4518 = 3*z - 1380. What is the tens digit of z?
6
Let o = 325 - -278. Let y = o - 431. What is the units digit of y?
2
Let z(v) = 2*v**2 + 8*v - 3. Let i be z(-7). Let x = 31 - i. What is the units digit of 176/x*(-2 - 1)?
6
Suppose 12 + 69 = 9*x. Let f(v) = 8*v**2 + 10*v + 3. What is the hundreds digit of f(x)?
7
Suppose 14*x - 14472 = 6822. What is the thousands digit of x?
1
Suppose 45 - 5 = 8*t. Let j(w) = w**3 - 4*w**2 - 5*w. Let x be j(t). Suppose x = -0*s - 2*s - 4*y + 262, 2*s - 5*y = 217. What is the tens digit of s?
2
Let l(u) = 4*u**2 + 39*u + 38. What is the ten thousands digit of l(-61)?
1
Let a = 90 - 91. Let y be 10 + a + (13 - 14). What is the units digit of 3*y*(-264)/(-48)?
2
Suppose 6669 = 3*s + 3*i, 5*s - 11*i - 11101 = -9*i. Let v = 3478 - s. What is the thousands digit of v?
1
Suppose -4*f - 2*n - 160 = -48, f + 4*n = -35. What is the units digit of 22/(-99) - 18825/f?
7
Let f(j) = -15*j**3 - 2*j**2 - 3*j - 2. Let z(a) = a**3 + 7*a**2 - 1. Let q be z(-7). Let n be f(q). What is the units digit of 14/(-49) - (-2412)/n?
2
Suppose -15*n = 5*n - 28*n + 14072. What is the hundreds digit of n?
7
Let g(d) = 44*d**3 - d**2 + 3*d - 3. Let s be g(1). Suppose -s*h + 20*h = -2438. What is the hundreds digit of h?
1
Suppose -1824 = -w - 4*g - 0*g, -w = -g - 1819. Suppose -a + w = 4*a. What is the hundreds digit of a?
3
What is the units digit of (12990 - 7/(14/(-6)))*37/37?
3
What is the thousands digit of (-18 - -15601) + -3 - -16?
5
Let u be (48/(-10))/((-27)/15 - -2). Let p = -21 - u. Suppose -2*g + p*g - 122 = 0. What is the hundreds digit of g?
1
Let f be (5 - 335/65) + 249216/39. Suppose 0 = 3*v + 12*v - f. What is the units digit of v?
6
Let m be ((-96)/(-64))/(-1 + 1/2). Let f be 87/(-27)*m*3. Suppose 33*w = f*w + 736. What is the hundreds digit of w?
1
Let r(f) = -f**2 + 8*f + 88. Let k be r(14). Suppose 9*y - k*y - 2*a = 2398, -5*a + 965 = 2*y. What is the hundreds digit of y?
4
Suppose -3*v - 63 = -c, 3*c - 8*c = -2*v - 55. Let g be (1 - (-52)/v)*(-4220)/8. Suppose 5*i - 848 = -4*d, 3*d + 4*i = -d + g. What is the tens digit of d?
0
Suppose -3*l - 9*l + 48 = 0. Suppose a + a - l = 0. Suppose -2*y = 4*j - 238, 0*j - a*j = 5*y - 595. What is the hundreds digit of y?
1
Suppose 43*k - 35*k = 80. Suppose -2428 = -k*i + 6*i. What is the units digit of i?
7
Let i(c) = 32*c**2 - 37*c + 148. Let y(g) = 33*g**2 - 37*g + 150. Let v(h) = -6*i(h) + 7*y(h). What is the hundreds digit of v(6)?
3
Suppose y + 2*f = 13460 + 21032, 0 = -3*y - f + 103456. What is the units digit of y?
4
Suppose -4*f = 3*i - 103868, 137287 + 35837 = 5*i + 4*f. What is the ten thousands digit of i?
3
Let b be 1*-6 + 88/11. Suppose k - 241 = b*q, -5*k + 3*q - 7*q + 1233 = 0. What is the hundreds digit of k?
2
Let m = -48869 + 68882. What is the units digit of m?
3
Let h(q) = 15*q + 18. Let r = 61 + -58. Let b be h(r). Let u = -54 + b. What is the units digit of u?
9
Let t = -296 + 305. Suppose -1232 = -t*m + 7*m. What is the units digit of m?
6
Let s = -171 - -189. What is the hundreds digit of 3*(-14)/189 + 7996/s?
4
Let f(u) = -u**3 + 64*u**2 + 86. What is the units digit of f(64)?
6
Let b = -10484 + 38158. What is the units digit of b?
4
Let v = -66867 + 103058. What is the thousands digit of v?
6
Let d(z) = -z**2 + 18*z + 12. Let u be d(17). Suppose -34*l - 1585 = -u*l. Let x = l - -560. What is the hundreds digit of x?
2
Let z be (-3)/12 + -1*(-21)/(-12). Let r be 5/((1 - 3)/z). Suppose 0 = -r*u + 1 + 194. What is the tens digit of u?
3
What is the tens digit of (0 - 10) + (27 - -26603 - 2)?
1
What is the thousands digit of (92/69)/((-16)/(-339780))?
8
What is the tens digit of (1 - 26047)*((-21)/(-3))/(-21)?
8
What is the thousands digit of 44584 - (15/(-12))/(-1*(-30)/(-48))?
4
Let h = 289 + -289. Suppose h = 11*u - 28*u + 1734. What is the hundreds digit of u?
1
Suppose -z = -3*v + 11, 2*v + 6 = 4*z - 0. Let w(q) = 4*q**2 - z*q**2 + 7*q**2 - 6*q - q**2 + 9. What is the units digit of w(2)?
1
What is the thousands digit of (281442/63)/(16/24)?
6
Suppose -b = -5*f - 9606, -2*f + 37940 = 3*b + 9054. What is the units digit of b?
6
What is the units digit of 3609/22 + 217/(-4774)?
4
Let n = 12411 - 8833. What is the tens digit of n?
7
Let g = -74 + 67. Let w(q) = -13*q**2 - 4*q + 7. Let b(l) = 12*l**2 + 5*l - 8. Let x(p) = g*w(p) - 6*b(p). What is the tens digit of x(3)?
6
Let v(a) = -a**2 + 14*a + 2. Let l be v(15). Let i be 6/8*(l - -17). Suppose 2*g = -z + 3*z + 298, -i*z - 149 = -g. What is the tens digit of g?
4
Let q(f) be the first derivative of 3*f**3 + 2*f**2 - 7. Let b be q(8). Let o = b + -420. What is the hundreds digit of o?
1
Let m = -18104 + 27473. What is the hundreds digit of m?
3
Let t = 245 + -392. Let y = t - -241. What is the units digit of (-1 - (6 - y))*(-1)/(-1)?
7
Let x = 146 - -92. Let m = 35 - 31. Suppose -x = -2*i - 4*l, 4*i + l - 491 = -m*l. What is the tens digit of i?
2
Let x be (0 + -1)*(-27 - 34108). What is the hundreds digit of (-4)/10 + 4*x/100?
3
Suppose 4*i - 18 = -0*i - d, 4*i = 4*d + 8. What is the hundreds digit of 349 + 8 + (i - 0) - -3?
3
Suppose -36*h + 272701 = -410579. What is the hundreds digit of h?
9
What is the hundreds digit of -4 + -4 + 6 - (-14498 + -15)?
5
Let h = -3277 + 6976. Suppose -96*s + h = -93*s. What is the hundreds digit of s?
2
Let x = 318 + -276. What is the tens digit of 1090/((-18)/(-7) - 24/x)?
4
Suppose -187*b - 6*b + 3641312 = 259*b. What is the thousands digit of b?
8
Let g(t) = t**3 - 20*t**2 + 8*t - 70. Let w be g(21). Let p = 1269 - w. What is the tens digit of p?
3
What is the units digit of (-17 + (-460239)/(-26))*2?
9
Let r be 1/(-1)*105/7*-1. What is the units digit of (r/25)/(12/1740)?
7
Let y = 17432 - 9962. What is the units digit of y?
0
What is the thousands digit of -3*(-37)/333*(59097 - 0)?
9
Let l be 114/(-4)*28/42. Let y be 1*131 + l + 23. Suppose -8*c + y = -1465. What is the units digit of c?
0
Suppose -503565 = -19*w - 535679 + 1103049. What is the ten thousands digit of w?
5
Let q = -3954 + 27500. What is the hundreds digit of q?
5
Let k(f) = 1810*f + 1511. What is the ten thousands digit of k(26)?
4
Suppose 0 = -19*b + 5*b - 8932. Let o = 1068 + b. What is the tens digit of o?
3
Suppose 0 = -4*z + 19 - 3. Let w(c) = -z*c + 13 - c**3 + 2*c**2 + 3*c**2 - 8. What is the units digit of w(4)?
5
Let s be 6/(-4)*16/24 - -25. Let f = s + -62. Let z = f - -39. What is the units digit of z?
1
Suppose 0 = -23*p - 23*p + 15*p + 106330. What is the hundreds digit of p?
4
Suppose c - 4*c + 4*x + 6 = 0, 4*c + 2 = 2*x. What is the tens digit of (-16626)/(-78) - c/(-13)?
1
Let r be (2/(-6))/((14/186)/(-7)). Let i = r + -66. Let s = i + 36. What is the units digit of s?
1
Let b(j) = 866*j. Let d(m) = 433*m. Let w(z) = 6*b(z) - 11*d(z). What is the units digit of w(1)?
3
Suppose 495455 = 19*w + 73902. What is the thousands digit of w?
2
Let m(a) = 9*a**2 - a + 3. Let s be m(-3). Let c = -9658 - -9747. Let j = c + s. What is the units digit of j?
6
Suppose -39*l + 15*l = -289728. What is the thousands digit of l?
2
Suppose 2*v + 3*g = 47, 4*g + 0 + 20 = 0. Suppose 400 = 4*d - l, 7*d - 9*d + 218 = 4*l. Let u = d - v. What is the tens digit of u?
7
Let z = 3948 - -2478. Suppose 16*s - z - 214 = 0. What is the units digit of s?
5
Suppose 101*s - 84 = 107*s. What is the tens digit of (-24 - s)*(-83 + 3)?
0
What is the thousands digit of ((-2)/(-10))/((-64)/(-1780160))?
5
Suppose 2729 + 651 = 4*s. Let m = 325 + s. What is the tens digit of m?
7
Suppose -7674 = -5*s + 27743 + 9668. What is the thousands digit of s?
9
Let z(s) = -77*s**2 + 42*s - 17. Let k be z(5). Let y = k + 2804. What is the thousands digit of y?
1
Suppose -29*y - 128 + 12 = 0. What is the hundreds digit of (y/22 + 160/275)*1620?
6
Suppose f - 3519 - 3076 = -5*o, 3*f + 4*o - 19796 = 0. What is the units digit of f?
0
Let m = -3911 + 3942. What is the units digit of m?
1
Suppose -11*a + 170776 - 20428 = 0. What is the ten thousands digit of a?
1
What is the units digit of -2 + 225/(-81) + 3 + 164714/18?
9
Let m be (-185)/10 - (-9)/(36/(-10)). Let l(k) = -5*k**2 + 3*k + 3. Let t be l(4). Let q = m - t. What is the tens digit of q?
4
Suppose -d + 4*i + 118 = 0, -4*d + 4*i - 150 = -5*d. What is the units digi